{"id":30,"date":"2026-04-04T21:46:46","date_gmt":"2026-04-04T21:46:46","guid":{"rendered":"https:\/\/www.schindlersdesign.de\/?page_id=30"},"modified":"2026-04-09T22:52:46","modified_gmt":"2026-04-09T22:52:46","slug":"start","status":"publish","type":"page","link":"https:\/\/www.schindlersdesign.de\/","title":{"rendered":""},"content":{"rendered":"\t\t<div data-elementor-type=\"wp-page\" data-elementor-id=\"30\" class=\"elementor elementor-30\">\n\t\t\t\t<div class=\"elementor-element elementor-element-d426cec e-con-full e-flex elementor-invisible e-con e-parent\" data-id=\"d426cec\" data-element_type=\"container\" data-e-type=\"container\" data-settings=\"{&quot;background_background&quot;:&quot;video&quot;,&quot;background_video_link&quot;:&quot;https:\\\/\\\/www.schindlersdesign.de\\\/wp-content\\\/uploads\\\/84086-584871133.mp4&quot;,&quot;background_play_on_mobile&quot;:&quot;yes&quot;,&quot;background_video_start&quot;:0,&quot;animation&quot;:&quot;fadeIn&quot;,&quot;animation_delay&quot;:200}\">\n\t\t<div class=\"elementor-background-video-container\">\n\t\t\t\t\t\t\t<video class=\"elementor-background-video-hosted\" role=\"presentation\" autoplay muted playsinline loop><\/video>\n\t\t\t\t\t<\/div>\t\t\t\t\t<h3 \n\t\tdata-interaction-id=\"fe416f7\" \n\t\tclass=\"e-fe416f7-502951e e-heading-base\" \n\t\t \n\t\t\n\t>\n\t\n\t\t\tWEBDESIGN\n\t\t<\/h3>\n\t\t\t\t\t\t\t<h3 \n\t\tdata-interaction-id=\"57fa27c\" \n\t\tclass=\"e-57fa27c-ca0d33b e-heading-base\" \n\t\t \n\t\t\n\t>\n\t\n\t\t\tDas Design das L\u00f6sung bietet!\n\t\t<\/h3>\n\t\t\t\t\t\t\t<h3 \n\t\tdata-interaction-id=\"6af4b6d\" \n\t\tclass=\"e-6af4b6d-f9cff1b e-heading-base\" \n\t\t \n\t\t\n\t>\n\t\n\t\t\t+ WordPress Webseiten \u2013 individuell &amp; professionell<br><br>+ Responsive Design f\u00fcr alle Ger\u00e4te<br><br>+ Von Onepager bis zur komplexen Website<br><br>+ SEO, Wartung, Updates &amp; Sicherheit<br><br>+ Hosting &amp; Domain Einrichtung<br><br>+ Pers\u00f6nliche Beratung &amp; direkte Kommunikation<br><br>+ Schnelle Umsetzung &amp; transparente Abl\u00e4ufe<br><br>+ DSGVO-konform &amp; barrierearm<br><br>+ Individuelle L\u00f6sungen durch meine Pakete <br><br>+ Alles aus einer Hand \u2013 von Setup bis Wartung\n\t\t<\/h3>\n\t\t\t\t<\/div>\n\t\t\t\t<\/div>\n\t\t","protected":false},"excerpt":{"rendered":"<p>WEBDESIGN Das Design das L\u00f6sung bietet! + WordPress Webseiten \u2013 individuell &amp; professionell + Responsive Design f\u00fcr alle Ger\u00e4te + Von Onepager bis zur komplexen Website + SEO, Wartung, Updates &amp; Sicherheit + Hosting &amp; Domain Einrichtung + Pers\u00f6nliche Beratung &amp; direkte Kommunikation + Schnelle Umsetzung &amp; transparente Abl\u00e4ufe + DSGVO-konform &amp; barrierearm + Individuelle [&hellip;]<\/p>\n","protected":false},"author":1,"featured_media":0,"parent":0,"menu_order":0,"comment_status":"closed","ping_status":"closed","template":"","meta":{"footnotes":""},"class_list":["post-30","page","type-page","status-publish","hentry","entry"],"_links":{"self":[{"href":"https:\/\/www.schindlersdesign.de\/index.php?rest_route=\/wp\/v2\/pages\/30","targetHints":{"allow":["GET"]}}],"collection":[{"href":"https:\/\/www.schindlersdesign.de\/index.php?rest_route=\/wp\/v2\/pages"}],"about":[{"href":"https:\/\/www.schindlersdesign.de\/index.php?rest_route=\/wp\/v2\/types\/page"}],"author":[{"embeddable":true,"href":"https:\/\/www.schindlersdesign.de\/index.php?rest_route=\/wp\/v2\/users\/1"}],"replies":[{"embeddable":true,"href":"https:\/\/www.schindlersdesign.de\/index.php?rest_route=%2Fwp%2Fv2%2Fcomments&post=30"}],"version-history":[{"count":220,"href":"https:\/\/www.schindlersdesign.de\/index.php?rest_route=\/wp\/v2\/pages\/30\/revisions"}],"predecessor-version":[{"id":311,"href":"https:\/\/www.schindlersdesign.de\/index.php?rest_route=\/wp\/v2\/pages\/30\/revisions\/311"}],"wp:attachment":[{"href":"https:\/\/www.schindlersdesign.de\/index.php?rest_route=%2Fwp%2Fv2%2Fmedia&parent=30"}],"curies":[{"name":"wp","href":"https:\/\/api.w.org\/{rel}","templated":true}]}}